 -4*v. Suppose -v = l + l. What is c(l)?
-5
Let f(p) be the third derivative of -p**4/24 + 7*p**3/6 + 5*p**2. Let d be f(5). Let n(k) = 3 + k - 3*k + 2*k - k - k**d. What is n(-3)?
-3
Let n be (99/(-18))/((-2)/(-4)) + 5. Let f(l) be the second derivative of l**5/20 + l**4/2 - l**3/6 + l. Give f(n).
6
Let m(b) = -b**3 - 6*b**2 - 7*b - 5. Suppose 2*z + 0 = 20. Let g be 52/(-10) + 2/z. What is m(g)?
5
Let p(d) = -d**2 - 4*d - 2. Let g be p(-2). Let l(f) = 1 - f - 1 - g*f. Give l(-1).
3
Let l(o) = 5*o - 1. Let v(n) = 4*n. Let s(q) = 3*l(q) - 4*v(q). What is s(-4)?
1
Let k(m) = 3*m**2 - m. Let a be k(-1). Let v(h) = 2 - a*h**2 + h**3 - 1 - 2*h**3 - h + 2. Calculate v(-4).
7
Let k(i) = 4*i + 13. Let c be k(-5). Let f(t) = t**2 + 10*t + 3. Determine f(c).
-18
Let n(a) = 2*a**2 - 10*a + 12. Let z(h) = h**2 - 5*h + 6. Let d(s) = 3*n(s) - 5*z(s). Suppose 4*g - 3 = 9. Let v be g/12 + 19/4. Give d(v).
6
Let v(g) = 9*g**2 + 10*g - 8*g + 3 - 4*g - 2. Determine v(1).
8
Suppose -2 = z + 3. Let d(k) = k**3 + 5*k**2 - k - 6. What is d(z)?
-1
Let c(w) = -w**3 - w + 13. Let h(y) = y**3 + y**2 - 14. Let v(n) = -7*c(n) - 6*h(n). Suppose a - 5 = -0*a. Calculate v(a).
3
Let g(p) be the second derivative of 7*p**3/6 + 3*p**2/2 + 11*p. What is g(-2)?
-11
Let m = -3 + 5. Suppose -2*x - m*x + 52 = 0. Let v(k) = -6 - 2*k + 3*k + x. Calculate v(-4).
3
Let r(k) = -k**3 + 9*k**2 - k + 11. Let z be (-4)/8 + 38/4. Let v be r(z). Let p(s) = 0 + v - s - 2. Determine p(0).
0
Let c = -6 - -12. Suppose c*h = 5*h. Let p(a) = a + 2. What is p(h)?
2
Let l = 29 + -41. Let q = l - -12. Let c(b) = -b - 3. Calculate c(q).
-3
Suppose -x + 0*x = -3. Let p(n) = n**2 - x + 5 + n**3 + 2*n - 5*n. Give p(-3).
-7
Let p = -3 - -5. Let q be (-5 + p)*(-4)/(-6). Let i(d) = d**3 + d**2 - 4*d - 3. Give i(q).
1
Let o(k) = -35*k - 34*k - 33*k + 103*k. Determine o(3).
3
Let i(s) = -s**2 - 3*s + 4. Suppose -3*o - 29 - 28 = 0. Let f = -10 - o. Let q be ((-4)/2)/(6/f). Calculate i(q).
4
Let b(x) be the third derivative of 0*x - 1/6*x**3 - 8*x**2 + 0 - 1/20*x**5 - 1/12*x**4. Calculate b(-1).
-2
Let k(y) = -4*y + y**3 - 3 + 1 + 6*y + 4*y**2. Let t(q) = 2*q**2 - 3*q + 1. Let w be t(2). Suppose w*r - 7*r = 12. Determine k(r).
1
Let z = 56 - 51. Let d(t) = -t**3 + 6*t**2 - 8*t + 3. Calculate d(z).
-12
Let y(q) = 16*q - 6. Suppose 0 = -3*n - 2 - 4. Let t(r) = -3*r + 1. Let s(x) = n*y(x) - 11*t(x). Calculate s(-6).
-5
Let l = -16 - -22. Let q(j) be the third derivative of -j**5/60 + 5*j**4/24 + j**3/6 + 3*j**2. Give q(l).
-5
Let f(n) = -n**3 + 5*n**2 - 3*n. Let i = -4 - -2. Let s = 0 + i. Let o be s/9 + 29/9. Give f(o).
9
Let k(v) = 5*v + v**3 + 4 + 4*v**2 - 3*v - 6 - 2. Suppose 0 = -2*b - 5 - 1. Calculate k(b).
-1
Let a = 12 + -10. Let j(f) = f**2 + 1. Determine j(a).
5
Let k(q) = q**2 + q. Let y be k(-1). Let b(c) = -c**2 + c + 6. Give b(y).
6
Let c(s) be the third derivative of -s**6/360 + s**5/40 + s**4/12 - 3*s**2. Let y(a) be the second derivative of c(a). Suppose -10 - 2 = -3*l. What is y(l)?
-5
Let p(d) = 2*d**3 + 3*d + 2 - 3*d - 3 - 3*d. Give p(-2).
-11
Let m(t) = -97 - 2*t + 100 - 2*t. Let s be 3 + 0/1 - 0. Determine m(s).
-9
Let l(w) = w - 7. Let c be l(7). Suppose c = 5*r - 9 - 11. Let v(y) = -y**2 + 4*y - 2. Give v(r).
-2
Let t = -5 - -7. Suppose a - 15 = -3*f + 2, -2*a - f + 9 = 0. Let j(g) = -2*g**3 + 2 + g**3 + 3*g**a - 2*g**2. Give j(t).
-2
Let j = 2 - -2. Let f(s) = 0 + 6 - 1 - j*s. Give f(4).
-11
Suppose 0 = -6*c + 2*c. Suppose c*t = -t. Let s(b) = b + 2*b**3 - 3*b**3 - 2*b**3 + 2*b**3 + 5. Give s(t).
5
Let h(v) be the first derivative of -v**2/2 - 6*v - 8. Calculate h(-7).
1
Let o(k) = -k**2 - 4*k + 5. Let l(a) = a - 5. Let d be l(8). Suppose -2*p + 12 = -d*p. Let t be -3 - p/(-3) - -3. Give o(t).
5
Let m(k) = k**2 + 11*k + 2. Let q be m(-11). Let l(i) = -i**3 + i**2 + 1. Determine l(q).
-3
Let m(a) = 7*a**2 + 7*a - 7. Let g(k) = 3*k**2 + 3*k - 3. Let q(f) = 9*g(f) - 4*m(f). Let o(t) = t + 19. Let j be o(-18). Calculate q(j).
-1
Let x(d) = d**3 + 5*d**2 - 4*d + 6. Let y = 35 - 41. What is x(y)?
-6
Let o(w) = -w**2 - 5*w + 5. Let r(q) = q**2 + 4*q - 4. Let a(p) = -5*o(p) - 6*r(p). Suppose 12*g - g - 11 = 0. What is a(g)?
-1
Let t(z) = -8*z**2. Let l = 27 + -28. What is t(l)?
-8
Let k(y) = 7*y**3 + 4*y**2 - 9*y - 8. Let c(w) = -w**3 - w**2 + w + 1. Let q(j) = -6*c(j) - k(j). Suppose -22 = 6*x - 40. Determine q(x).
2
Let r(q) = -q**3 + 2*q**2 + 2*q - 2. Let i(p) = 9*p - 9. Let o(d) = -5*d + 5. Let f(g) = -6*i(g) - 11*o(g). Let y be f(4). Determine r(y).
-5
Let d = 12 + -18. Let i(x) = -2*x**2 - 14*x - 7. Let m(h) = -h**2 - 7*h - 4. Let b(t) = -3*i(t) + 5*m(t). Calculate b(d).
-5
Let v(f) = -f**2 + f - 4 + 4 + 1 - f**3 + 2*f**2. Let i(p) = -7*p**3 + 9*p**2 + 7*p + 7. Let c(x) = -i(x) + 6*v(x). Give c(2).
-7
Let h(v) be the first derivative of -v**4/4 - 7*v**3/3 - 3*v**2/2 - 5*v + 4. Determine h(-7).
16
Let h(z) = z**3 + 3*z**2 - 2*z - 2. Let o be h(-3). Let v be 1*-3 + (-12)/o. Let i(b) = -b**2 - 6*b + 1. Determine i(v).
1
Let v(x) be the third derivative of 0 + 4*x**2 + 0*x - 5/6*x**3 - 1/24*x**4. Give v(-4).
-1
Let j(i) = 7*i**3 + 9*i**2 - 3*i + 4. Let z(s) = -20*s**3 - 26*s**2 + 8*s - 12. Let x(g) = 17*j(g) + 6*z(g). Determine x(-3).
5
Let x(k) be the first derivative of -k**6/360 - k**5/20 - k**4/4 - k**3 - 1. Let v(p) be the third derivative of x(p). Calculate v(-6).
-6
Let t(r) = r**2 - 3*r - 2. Suppose 0 = 4*b + b - 70. Let k = -10 + b. Determine t(k).
2
Suppose 3*q - 3 = 0, -4*a + 5*q - 1 = -0. Let u(s) = -1 - a - s + 5. Calculate u(2).
1
Let a(l) = -l**2 - 8*l - 4. Let m be (2/5 - 57/5) + 3. Calculate a(m).
-4
Let d(i) be the first derivative of -i**2/2 - i + 2. Give d(-10).
9
Let r(t) be the first derivative of t**3/3 - t**2/2 - 2. Let q be r(1). Suppose -4*u = -q + 12. Let k(y) = -y**2 - 2*y + 4. Calculate k(u).
1
Suppose 5 = 3*r - 1. Let q(a) = a**2 + 5 + 0*a - 3 + r*a + a**2. Determine q(-2).
6
Let p(c) = c - 3. Let f be p(8). Let w be (-2 + f)/3 + -2. Let h(s) = 7*s**3 + 1. What is h(w)?
-6
Let c(n) = 17*n**3 - 2*n**2 + 11*n - 11. Let h(t) = -9*t**3 + t**2 - 6*t + 6. Suppose 2*s + 12 = -0. Let v(b) = s*c(b) - 11*h(b). Give v(1).
-2
Suppose -s = 4*s - 25. Let f(m) = -m**3 + 5*m**2 + 2*m - 2. Give f(s).
8
Suppose 0 = -3*l + 9 - 3. Let d(z) = -l - 4 + 10 - z. What is d(5)?
-1
Suppose -5*y - 2*m + 17 = 0, 2*m = 5*y - m - 12. Suppose -y*j - 6 = -j. Let k(z) = 1 + 1 + 2 + 4*z + z**2. Determine k(j).
1
Let k(o) be the first derivative of -o**4/12 + 9*o**2/2 + 4*o - 4. Let i(r) be the first derivative of k(r). Determine i(0).
9
Suppose -3*j = -4*j + 6. Let l(w) = w + 1. Determine l(j).
7
Let v(h) = h**3 - 8*h**2. Let t(s) = s**3 - 9*s**2. Let k(g) = 3*t(g) - 4*v(g). What is k(5)?
0
Let l = -69 - -72. Let f(p) = -p**2. Let q(j) = 3*j**2 + 3*j + 2. Let b(t) = 4*f(t) + q(t). Calculate b(l).
2
Suppose 0 = 3*g + 6, 0*j + 3*g = -j - 3. Let i(a) = -17*a**2 + 12*a + 21. Let c(b) = 4*b**2 - 3*b - 5. Let v(m) = 9*c(m) + 2*i(m). What is v(j)?
6
Let m(f) = -8*f - 3. Let s(x) = 17*x + 7. Let j(i) = 13*m(i) + 6*s(i). Suppose -4*y = -119 + 23. Suppose o = 5*p + y, p + 5 = 2*o - 7. Determine j(o).
-5
Let y(h) = -h**3 - 7*h**2 + h + 7. Let k be y(-7). Suppose -5*u + 2*u + 9 = 3*j, 0 = j - 4*u - 18. Let b(q) = -3*q + k*q + j*q + 3. Calculate b(-3).
-6
Let n(t) = -t**3 + 4*t**2 + 2*t. Suppose 8 = -21*r + 23*r. Determine n(r).
8
Let z(w) = w**3 - 7*w**2 + 6*w + 4. Let p = 58 + -52. What is z(p)?
4
Let b(u) = 11*u**3 - 16*u**2 + 26*u + 38. Let r(s) = 7*s**3 - 11*s**2 + 17*s + 25. Let w(n) = -5*b(n) + 8*r(n). Give w(7).
3
Let k = -64 - -59. Let q(w) = -w - 1. Calculate q(k).
4
Let c(r) = -2*r**2 - r - 1. Suppose j + 6 = 4*j. Suppose -j*i = -13 - 9. Suppose 0*l = 3*l + 5*k + i, 4*l + 2*k + 10 = 0. Determine c(l).
-7
Let q be (-4 - -2)*(-3)/2. Let x(l) = -2 + 3*l + l**q + 1 + 3*l**2 + 3. Let c be (4 - 2) + (-8)/2. Give x(c).
0
Let q(g) = -7*g**3 + 3*g**2 + g. Let w(a) = a**3 - a**2. Let j(r) = -q(r) - 6*w(r). Calculate j(-3).
3
Let f(g) = -g**2 - 4*g + 7. Let h be f(-5). Let z(w) = 2*w + 1. Determine z(h).
5
Let c(s) be the second derivative of s**4/12 - 2*s**3/3 + 3*s**2/2 + 3*s. Calculate c(3).
0
Suppose 0 = d - 3*d + l, 4*d - 20 = -3*l. Suppose -8 + d = -3*w. Let k(t) = w*t**2 + t + 1 + t**2 - t**2. Give k(-1